 61
List the prime factors of 271155.
3, 5, 18077
What are the prime factors of 17094?
2, 3, 7, 11, 37
What are the prime factors of 1189692?
2, 3, 7, 4721
What are the prime factors of 8429829?
3, 103, 27281
List the prime factors of 850859.
653, 1303
What are the prime factors of 24981769?
47, 349, 1523
What are the prime factors of 5856691?
5856691
What are the prime factors of 24017?
7, 47, 73
List the prime factors of 878856.
2, 3, 11, 3329
List the prime factors of 4162274.
2, 61, 109, 313
What are the prime factors of 4921417?
47, 104711
What are the prime factors of 37635?
3, 5, 13, 193
What are the prime factors of 5520220?
2, 5, 276011
What are the prime factors of 230408?
2, 83, 347
List the prime factors of 810221.
23, 35227
List the prime factors of 7983299.
7983299
What are the prime factors of 600497?
281, 2137
List the prime factors of 3609702.
2, 3, 31, 6469
What are the prime factors of 1248702?
2, 3, 7, 13, 2287
List the prime factors of 3355393.
569, 5897
What are the prime factors of 491087?
139, 3533
List the prime factors of 845337.
3, 43, 6553
What are the prime factors of 77559?
3, 103, 251
List the prime factors of 848975.
5, 29, 1171
What are the prime factors of 2520884?
2, 37, 17033
What are the prime factors of 27019273?
17, 19, 23, 3637
List the prime factors of 2047703.
7, 43, 6803
List the prime factors of 197834.
2, 7, 13, 1087
List the prime factors of 600400.
2, 5, 19, 79
List the prime factors of 214193.
7, 37, 827
List the prime factors of 786330.
2, 3, 5, 8737
List the prime factors of 113468.
2, 19, 1493
List the prime factors of 20902160.
2, 5, 227, 1151
What are the prime factors of 2953610?
2, 5, 11, 2441
What are the prime factors of 2449421?
13, 188417
What are the prime factors of 681558?
2, 3, 29, 3917
List the prime factors of 198872.
2, 24859
List the prime factors of 1942416.
2, 3, 7, 41, 47
List the prime factors of 1727128.
2, 13, 16607
List the prime factors of 4885433.
7, 139, 5021
What are the prime factors of 572828?
2, 71, 2017
List the prime factors of 6180558.
2, 3, 233, 4421
List the prime factors of 3800974.
2, 1900487
What are the prime factors of 1097123?
23, 47701
List the prime factors of 464198.
2, 7, 71, 467
List the prime factors of 554307.
3, 13, 61, 233
List the prime factors of 359743.
23, 15641
List the prime factors of 2089835.
5, 11, 37997
What are the prime factors of 1469131?
1469131
What are the prime factors of 1724044?
2, 7, 67, 919
What are the prime factors of 11879411?
11879411
What are the prime factors of 1371853?
7, 27997
What are the prime factors of 1364653?
29, 47057
List the prime factors of 301909.
31, 9739
What are the prime factors of 283394?
2, 141697
List the prime factors of 177997.
23, 71, 109
List the prime factors of 456540.
2, 3, 5, 7, 1087
What are the prime factors of 29806769?
1019, 29251
What are the prime factors of 4738853?
7, 676979
What are the prime factors of 1701578?
2, 487, 1747
List the prime factors of 18165515.
5, 23, 137, 1153
List the prime factors of 351720.
2, 3, 5, 977
List the prime factors of 2839226.
2, 13, 109201
List the prime factors of 1657220.
2, 5, 41, 43, 47
List the prime factors of 2390800.
2, 5, 43, 139
What are the prime factors of 164066?
2, 7, 11719
What are the prime factors of 7671605?
5, 1534321
List the prime factors of 2037584.
2, 347, 367
List the prime factors of 470807.
43, 10949
What are the prime factors of 5362461?
3, 13, 45833
What are the prime factors of 17175525?
3, 5, 17, 19, 709
List the prime factors of 3390100.
2, 5, 7, 29, 167
List the prime factors of 291815.
5, 58363
What are the prime factors of 432375?
3, 5, 1153
List the prime factors of 4222686.
2, 3, 13, 43, 1259
What are the prime factors of 113766?
2, 3, 67, 283
What are the prime factors of 25273837?
1087, 23251
List the prime factors of 139420.
2, 5, 6971
What are the prime factors of 1990440?
2, 3, 5, 19, 97
What are the prime factors of 95768?
2, 11971
What are the prime factors of 27945729?
3, 7, 2347
List the prime factors of 8693210.
2, 5, 869321
List the prime factors of 149214.
2, 3, 13, 1913
What are the prime factors of 24492851?
24492851
List the prime factors of 3263084.
2, 11, 74161
What are the prime factors of 16676285?
5, 3335257
List the prime factors of 6060555.
3, 5, 44893
What are the prime factors of 2979663?
3, 29, 1181
List the prime factors of 1286261.
1286261
What are the prime factors of 120728?
2, 15091
List the prime factors of 7186517.
13, 552809
List the prime factors of 3097973.
37, 101, 829
List the prime factors of 5898559.
199, 29641
What are the prime factors of 21405?
3, 5, 1427
List the prime factors of 1727443.
29, 59567
What are the prime factors of 11805114?
2, 3, 53, 37123
What are the prime factors of 5969789?
7, 852827
What are the prime factors of 4783430?
2, 5, 478343
List the prime factors of 246133.
246133
What are the prime factors of 155651?
31, 5021
What are the prime factors of 66573?
3, 13, 569
What are the prime factors of 14470025?
5, 31, 18671
List the prime factors of 1842906.
2, 3, 13, 23627
What are the prime factors of 682880?
2, 5, 11, 97
List the prime factors of 224608.
2, 7019
What are the prime factors of 2843016?
2, 3, 11, 89
What are the prime factors of 149305?
5, 13, 2297
List the prime factors of 53845.
5, 11, 89
List the prime factors of 94819.
94819
What are the prime factors of 171547?
17, 10091
List the prime factors of 3144478.
2, 1572239
What are the prime factors of 590317?
7, 13, 499
What are the prime factors of 20589776?
2, 43, 29927
List the prime factors of 11981035.
5, 11, 31, 7027
What are the prime factors of 411661?
211, 1951
List the prime factors of 14937849.
3, 17, 89, 1097
What are the prime factors of 1003205?
5, 7, 28663
What are the prime factors of 9887282?
2, 4943641
List the prime factors of 29488732.
2, 7, 13, 81013
What are the prime factors of 399834?
2, 3, 97, 229
List the prime factors of 5032511.
11, 19, 199
What are the prime factors of 2661909?
3, 179, 4957
List the prime factors of 952909.
31, 59, 521
List the prime factors of 301174.
2, 150587
What are the prime factors of 23666633?
683, 34651
What are the prime factors of 5218418?
2, 2609209
List the prime factors of 177774.
2, 3, 29629
List the prime factors of 973529.
973529
List the prime factors of 475709.
13, 23, 37, 43
What are the prime factors of 795295?
5, 159059
What are the prime factors of 274353?
3, 109, 839
What are the prime factors of 9272604?
2, 3, 11, 199, 353
List the prime factors of 3973399.
269, 14771
What are the prime factors of 712012?
2, 7, 59, 431
List the prime factors of 23071160.
2, 5, 7, 79, 149
What are the prime factors of 7496694?
2, 3, 17, 24499
What are the prime factors of 6533336?
2, 816667
List the prime factors of 1965199.
191, 10289
List the prime factors of 524008.
2, 17, 3853
List the prime factors of 681095.
5, 179, 761
List the prime factors of 85762.
2, 137, 313
List the prime factors of 1953761.
1953761
What are the prime factors of 1514187?
3, 56081
What are the prime factors of 4481392?
2, 173, 1619
List the prime factors of 180472.
2, 17, 1327
What are the prime factors of 788269?
53, 107, 139
List the prime factors of 32217.
3, 10739
List the prime factors of 406010.
2, 5, 11, 3691
What are the prime factors of 4446669?
3, 823, 1801
What are the prime factors of 2313213?
3, 7, 59, 1867
List the prime factors of 8472.
2, 3, 353
List the prime factors of 28262.
2, 13, 1087
What are the prime factors of 274626?
2, 3, 11, 19, 73
List the prime factors of 7114768.
2, 71, 6263
List the prime factors of 485149.
7, 9901
List the prime factors of 688516.
2, 43, 4003
What are the prime factors of 10444817?
17, 463, 1327
What are the prime factors of 2935379?
2935379
What are the prime factors of 1476493?
107, 13799
List the prime factors of 5557481.
19, 367, 797
What are the prime factors of 150237?
3, 16693
What are the prime factors of 2412198?
2, 3, 17, 7883
What are the prime factors of 273245?
5, 7, 37, 211
What are the prime factors of 299960?
2, 5, 7499
List the prime factors of 2830223.
11, 257293
What are the prime factors of 1258788?
2, 3, 19, 5521
What are the prime factors of 944828?
2, 236207
What are the prime factors 